12, 4*r = 13*a - 17*a. Let v(s) be the second derivative of -s**4/12 - s**3 - 3*s**2/2 - 4*s. Determine v(a).
5
Let v(h) = -375*h - 2253. Let p be v(-6). Let x(q) = -2*q**3 - 4*q**2 - 2*q - 7. Give x(p).
17
Let r(f) = 17*f**2 + 12*f + 8. Let w(k) = 72*k**2 + 49*k + 32. Let q(l) = -17*r(l) + 4*w(l). Give q(-7).
-1
Let n be 1/(-1 - (-4)/8*4). Suppose l + j = 3 - 2, 5*l = j + 11. Let i(b) = -5*b - 5*b**2 + n + 4*b**l - 2*b - 3. What is i(-5)?
8
Let b(l) = l**3 + 30*l**2 + 54*l - 20. Let w be b(-28). Suppose -17*r = r + w. Let g(n) = 1. Let y(t) = 12*t - 1. Let u(j) = -4*g(j) - y(j). Determine u(r).
21
Let i be ((-3)/(-2))/((-8)/(-16)). Let q(h) = 5 - 4 - 13162*h + 13155*h + i. Determine q(-3).
25
Let o = 0 + 4. Suppose 11*z = 6*z - 5*a - 45, 0 = -o*z + 5*a. Let h(w) = -2*w - 7*w + 10*w - 2*w + 3. Determine h(z).
8
Let f(p) = -3*p**2 - 48*p + 49. Let m(u) = -3*u**2 + 3*u + 1. Let q be m(-1). Let s(k) = 4*k**2 + 71*k - 73. Let z(n) = q*s(n) - 7*f(n). Give z(18).
4
Let s(l) be the second derivative of l**5/30 - l**4/3 - l**3 - 30*l**2 + 10*l - 2. Let y(d) be the first derivative of s(d). Calculate y(6).
18
Suppose 5*p - 85 = 2*a, 123*p - a = 120*p + 50. Let d(y) = -8*y + 85. Determine d(p).
-35
Suppose -15*s = 3*s - 9*s + 45. Let i(o) = 8*o**2 + 41*o + 5. What is i(s)?
0
Let w(n) = 6*n**3 - n**2 - 2*n + 1. Suppose 25 = 5*b - 5*a, -5*b - 4*a + 7*a = -15. Suppose -3 = 2*y + 5*j - b*j, 4*y - 3*j - 7 = 0. What is w(y)?
4
Let o(v) = -v**3 - 7*v**2 - 5*v - 7. Suppose -72 = 89*j + 462. Determine o(j).
-13
Suppose 2*k + 7 - 49 = 0. Let o(r) = r**2 - 22*r + 14. Give o(k).
-7
Let i(s) be the second derivative of -s**4/12 - 2*s**3 + 2*s**2 + s. Suppose 9 = 3*l, 5*r - 10*l = -7*l - 69. Let o be (-11)/66 + 1*130/r. Calculate i(o).
15
Let u(b) = -b**3 + b**2 + 274*b + 33. Let a be u(-16). Let d(v) be the first derivative of 2*v + 1/4*v**4 - a + 4/3*v**3 - v**2. Determine d(-4).
10
Let i(r) = r**2 + 5*r + 1. Let n be ((-6)/8)/(159/(-1060)). Let u(d) = 4*d**2 - 23*d + 11. Let s be u(n). Determine i(s).
-3
Let n = -1867 - -1870. Let i(x) = 613 - 307 - 2*x - 309 + 2*x**2. Calculate i(n).
9
Let a(q) = q**3 + q**2 - 4. Suppose 70 = 23*h - 18*h - 2*z, -2*h = -3*z - 17. Suppose -h*o + 10*o = 12. What is a(o)?
-8
Let w(p) = -p**2 - 4*p - 4. Let a(r) = -2*r - 22. Let z be a(22). Let s = z - -68. Suppose -s*d - 8 = 0, f + 2*d + 20 - 6 = 0. Give w(f).
-16
Let j(m) = m**3 + m + 13. Let o = -281 + 318. Suppose 2*l = -p - 5, 0 = -5*l + o*p - 35*p + 10. What is j(l)?
13
Let w(v) = 2*v - 21. Let f = 723 + -597. Suppose -39*y + f = -25*y. What is w(y)?
-3
Let g(x) be the second derivative of 23*x**3/6 - 95*x**2 - x + 551. Determine g(8).
-6
Suppose -4*i - 2*t = -2, 4*t + 20 = -0. Suppose y = -4*m - 0*m - 13, -5*m = 4*y + 96. Let j be 29 + y - i/((-3)/4). Let a(n) = 3*n - 6. Give a(j).
6
Let y(f) = -f**3 - 5*f**2 + 3*f - 2. Suppose 2*s - 3*s = -3*v + 51, 36 = 3*v + 4*s. Suppose b - v = 3*o, 2*o - 33 = -b - 42. What is y(o)?
-17
Let l(u) be the third derivative of -u**6/120 - u**5/5 + 287*u**4/24 - 11*u**3/3 + 2*u**2 + 420*u - 2. Calculate l(-24).
2
Let v(j) = j + 19. Let l be v(0). Let m be 1/(-36) + 167012/(-6192). Let d = l + m. Let y(g) = -3*g - 11. What is y(d)?
13
Let c(u) = -u**3 - 9*u**2 + u - 7. Let z = -566 - -545. Let o(i) = i**3 + 16*i**2 - 105*i - 9. Let n be o(z). Give c(n).
-16
Let v(i) = -210*i - 136. Let o(b) = -85*b - 68. Let j(q) = 5*o(q) - 2*v(q). Determine j(-12).
-8
Let r(i) be the first derivative of 65 - 3/2*i**2 + 0*i + 1/4*i**4 - 4/3*i**3. What is r(4)?
-12
Suppose 10*r + 1516 = -1304. Let c be ((-10)/4 + 1)/(r/376). Let n(w) = 4*w**2 - 2*w - 1. Determine n(c).
11
Let j(o) = -o**2 - 5*o. Let u be j(-4). Let z(n) = 9*n**2 - 6*n + 3. Let r = -455 - -459. Let h(v) = -11*v**2 + 7*v - 4. Let s(c) = r*h(c) + 5*z(c). Give s(u).
7
Let k(o) = -o**2 + o - 10. Suppose -15 = 5*i, -4*g + 6*g - 2*i = -10. Let w be (-2 + g)/(-5) + -2. What is k(w)?
-10
Let u(g) = -g**2 - 18*g - 61. Let s = 3022 + -3036. What is u(s)?
-5
Suppose 0 = 2*p - 49 + 19. Let k(t) = 1 + 133*t**2 + 0 - p*t - 149*t**2 - t**3. What is k(-15)?
1
Let y = -31 - -51. Let a be 1 + (-3 - y/(-5)). Let b be (2/4)/(a + 9/(-6)). Let m(z) = -21*z**2 + z - 1. Calculate m(b).
-21
Let j(q) = -q - 16. Let b be (-120)/(-140)*84/(-9). Give j(b).
-8
Let z(k) = -5*k**2 - 7*k - 40. Let s(p) = 2*p**2 + 2*p + 14. Let o(c) = 8*s(c) + 3*z(c). Let h = -780 + 789. Give o(h).
28
Let x(s) = s**2 - 6*s - 1. Let q be x(5). Suppose 3*p + 86 = 89. Let r(y) = -2*y. Let m(w) = 4*w - 9. Let c(o) = p*m(o) + 3*r(o). What is c(q)?
3
Let a(k) = -3*k**3 - 2*k**2 + 5*k + 6. Let d(x) = -4*x**3 - 2*x**2 + 6*x + 7. Let v(j) = 7*j - 108. Let r be v(15). Let l(p) = r*a(p) + 2*d(p). Determine l(-3).
-4
Let d be (0 + -5 + 3)*-2. Let b(s) be the first derivative of 5 - 1/4*s**4 + 3/2*s**2 - 5*s + s**3. Determine b(d).
-9
Let i(l) = -42 + 26 + 7 + 8*l + 3*l**2 - 2*l**2 - 3*l**2. Calculate i(2).
-1
Let g = 6 + -3. Let m(h) be the first derivative of h**3/6 - 2*h**2 + 145*h - 73. Let q(a) be the first derivative of m(a). Determine q(g).
-1
Let n = 226 - 224. Let l(z) = -z**3 - z**2 + z + 4. Let o(d) = -d**3 - d**2 + d + 3. Let c(a) = -5*l(a) + 6*o(a). What is c(n)?
-12
Let o(c) = -3*c**2 - 4*c - 232. Let f(n) = -n**2 - 2*n. Let x(q) = -4*f(q) + o(q). What is x(13)?
-11
Suppose 0 = -58*m + 22*m + 31 + 257. Let r(w) = 2*w**2 - 12*w + 26. Calculate r(m).
58
Let v(f) = -f + 4. Suppose -29*y - 8*y - 11*y + 432 = 0. What is v(y)?
-5
Let a(d) = 6*d - 9. Let w = 17 + -11. Let p = 79 - 79. Suppose p = -2*f + w + 6. What is a(f)?
27
Let u(r) = -7*r + 148. Let j(n) = 159*n + 1451. Let h be j(-9). Calculate u(h).
8
Let b(h) = h**2 - 9*h + 23. Let r = 556 - 553. Determine b(r).
5
Suppose -8 = 2*f + r, 0 = -72*f + 77*f - 5*r + 50. Let p(q) = 8*q**2 + 19*q - 11. Let x(b) = -2*b**2 - 5*b + 3. Let h(w) = 2*p(w) + 9*x(w). What is h(f)?
-25
Let m(t) = 3*t**2 + 16*t - 13. Let v be -1*(21/9 - 540/162). Calculate m(v).
6
Let j(d) = 30*d**2 - 28*d + 258. Let q(c) = 6*c**2 - 5*c + 47. Let z(s) = 2*j(s) - 11*q(s). Determine z(1).
-8
Let s(p) = -12*p - 9. Let o be s(-2). Suppose 2*h - 31 + o = 0. Let c(d) = -4 + 12*d - h*d - 2*d - 3*d. Calculate c(3).
-7
Let j(t) = -3 - 3468*t + 2 + 2 + 3472*t. What is j(5)?
21
Let u(k) = -6*k + 3. Let c be 1*71/1 - -2. Suppose 5*j - c + 9 = 4*l, 4*j - 51 = 3*l. Let p be ((-8)/j)/((-2)/9). Determine u(p).
-15
Let n(i) be the third derivative of i**4/4 + 76*i**3/3 - 2*i**2 + 173. What is n(-24)?
8
Let u(y) = 1628 + 16*y - y**3 - 15*y**2 + 1671 - 3261 + 4*y. Calculate u(-16).
-26
Let c = -783 + 787. Let h(y) be the second derivative of 0 + 1/3*y**c + 0*y**2 - 1/6*y**3 - 14*y + 1/20*y**5. Determine h(-4).
4
Let u(h) = 155*h - 19. Let g(i) = -189*i + 20. Let x(c) = -5*g(c) - 6*u(c). Determine x(-5).
-61
Let r = -2743 + 2752. Let s(u) = 3*u - 12. Give s(r).
15
Let u = 2 + -3. Let c(p) = 12 - 67*p**2 - 22 - 69*p**2 + 138*p**2 + 8 - 5*p**3. Give c(u).
5
Let v(j) = j**3 - 22*j**2 - 227*j + 63. Let s(w) = -3*w**3 + 64*w**2 + 646*w - 188. Let f(p) = -6*s(p) - 17*v(p). Determine f(11).
-9
Let n(o) = -3*o**3 + 7*o**2 + 7*o + 15. Let q(b) = -8*b**3 + 13*b**2 + 13*b + 30. Let f(z) = -5*n(z) + 2*q(z). What is f(-8)?
-7
Let t = 143 + -141. Suppose t*k - 5*v = 25, -5*v = k - 8*v - 14. Let y(x) = -9*x + 7. Determine y(k).
-38
Let o(v) be the first derivative of -v**3/3 - 3*v**2 + 18*v - 375. What is o(4)?
-22
Let k be ((-1360)/(-255))/(((-8)/(-3))/4). Let y(p) = -p**2 + 2*p + 30. Calculate y(k).
-18
Let m(o) = -o**3 + 37*o**2 - 34*o - 45. Suppose 3 = 3*l, -3*v = 2*l - 16 - 94. Determine m(v).
27
Let q(s) = 2*s**2 - 16*s + 21. Suppose 57 = -2*o - 4*u + 71, -5*u + 21 = 3*o. Determine q(o).
7
Suppose 46*j = -163 - 113. Let v be j*((-87)/9 - -9). Let i(p) = -13*p**2 + 3*p + 1. Let x(g) = 3*g**2 - g. Let c(y) = 2*i(y) + 9*x(y). Calculate c(v).
6
Let i(m) = -150 + 3*m**2 - 96 - m**2 - 88 - m**2 + 23*m. Give i(-33).
-4
Let m(t) be the second derivative of t**5/20 + 5*t**4/6 + 5*t**3/3 + 13*t**2/2 - 276*t. Suppose 0 = s + 4 - 6. Suppose 54 = -s*d - 4*d. What is m(d)?
4
Let s(v) be the first derivative of -v**3/6 + 4*v**2 - 52*v - 7. Let y(m) be the first derivative of s(m). Let r(u) = -u - 10. Let o be r(-10). Determine y(o).
8
Let y(l) = 12*l**2 + 0*l + 4*l + 2*l